{"id":6,"date":"2024-01-24T12:39:46","date_gmt":"2024-01-24T12:39:46","guid":{"rendered":"https:\/\/born.ir\/?page_id=6"},"modified":"2024-09-21T15:04:57","modified_gmt":"2024-09-21T15:04:57","slug":"contact-us","status":"publish","type":"page","link":"https:\/\/born.ir\/index.php\/contact-us\/","title":{"rendered":"Contact Us"},"content":{"rendered":"<p><em><\/em><\/p>\r\n<blockquote class=\"wp-block-quote\" style=\"text-align: justify;\">\r\n<h5 style=\"text-align: center;\"><strong>VOICE OF THE CUSTOMER: <\/strong><strong>+989391131800<\/strong><\/h5>\r\n<h5 style=\"text-align: center;\"><strong>Domestic Offices:<\/strong><\/h5>\r\n<ul style=\"text-align: center;\">\r\n<li><strong>Office#1(Headquarters):<\/strong> Unit 1, No. 43,Hashemi Oliya st, Neda square, Chizar, Tehran, Iran.<\/li>\r\n<li><strong>phone:<\/strong> <strong>+982122241290<\/strong><\/li>\r\n<li><strong>Office#2<\/strong>: Unit 13, Sadra Trading Complex, Olympic Square, Tehran, Iran.<\/li>\r\n<li><strong>phone:<\/strong> <strong>+982144727914<\/strong><\/li>\r\n<li><strong>Office#3(Warehouse):<\/strong> No.110, Corner of Vahid 3 st, Baghestan-Shahriar Road, Tehran, Iran.<\/li>\r\n<li><strong>phone:<\/strong> <strong>+982165385920<\/strong><\/li>\r\n<\/ul>\r\n<h5 style=\"text-align: center;\"><strong>Foreign Offices:<\/strong><\/h5>\r\n<ul style=\"text-align: center;\">\r\n<li><strong>Office#1:<\/strong> Unit 67, B Block, Vera Residence Building, Cendere Cad. K\u00e2\u011f\u0131thane, \u0130stanbul, Turkey.<\/li>\r\n<li><strong>Phone: <\/strong><strong>+905551030330<\/strong><\/li>\r\n<li><strong>Office<\/strong><strong style=\"font-style: italic;\">#2:<\/strong> Unit 303, E2 Building Eleganz ,JVC, Dubai, UAE.<\/li>\r\n<li><strong>Phone: <\/strong><strong>+971585292777<\/strong><\/li>\r\n<\/ul>\r\n<hr \/>\r\n<h5 style=\"text-align: center;\"><strong>Emails:<\/strong><\/h5>\r\n<ul>\r\n<li style=\"text-align: center;\">General inquiries: <strong>info@<\/strong><strong>born<\/strong><strong>.ir<\/strong><\/li>\r\n<li style=\"text-align: center;\">Purchase &amp; Sales: <strong>commerce@born.ir<\/strong><\/li>\r\n<li style=\"text-align: center;\">CEO: <strong>ceo@born.ir<\/strong><\/li>\r\n<\/ul>\r\n<\/blockquote>\r\n<blockquote class=\"wp-block-quote\" style=\"text-align: justify;\"><hr \/>\r\n<h5 style=\"text-align: center;\"><strong>\u0635\u062f\u0627\u06cc \u0645\u0634\u062a\u0631\u06cc: 09391131800<\/strong><\/h5>\r\n<h5 style=\"text-align: center;\"><strong>:<\/strong><strong>\u062f\u0641\u0627\u062a\u0631 \u062f\u0627\u062e\u0644\u06cc<\/strong><\/h5>\r\n<ul>\r\n<li style=\"text-align: center;\"><strong>\u062f\u0641\u062a\u0631 \u0634\u0645\u0627\u0631\u0647 1 (\u062f\u0641\u062a\u0631 \u0645\u0631\u06a9\u0632\u06cc):<\/strong> \u062a\u0647\u0631\u0627\u0646\u060c \u0686\u06cc\u0630\u0631\u060c \u0645\u06cc\u062f\u0627\u0646 \u0646\u062f\u0627\u060c \u062e\u06cc\u0627\u0628\u0627\u0646 \u0647\u0627\u0634\u0645\u06cc \u0627\u0648\u0644\u06cc\u0627\u060c \u067e\u0644\u0627\u06a9 43\u060c \u0648\u0627\u062d\u062f1<\/li>\r\n<li style=\"text-align: center;\"><strong>\u062a\u0644\u0641\u0646: 02122241290<\/strong><\/li>\r\n<li style=\"text-align: center;\"><strong>\u062f\u0641\u062a\u0631 \u0634\u0645\u0627\u0631\u0647 2:<\/strong> \u062a\u0647\u0631\u0627\u0646\u060c \u0645\u06cc\u062f\u0627\u0646 \u0627\u0644\u0645\u067e\u06cc\u06a9\u060c \u0634\u0647\u0631\u06a9 \u0635\u062f\u0631\u0627\u060c \u0645\u062c\u062a\u0645\u0639 \u062a\u062c\u0627\u0631\u06cc \u0635\u062f\u0641\u060c \u0648\u0627\u062d\u062f 13<\/li>\r\n<li style=\"text-align: center;\"><strong>\u062a\u0644\u0641\u0646:<\/strong> <strong>02144727914<\/strong><\/li>\r\n<li style=\"text-align: center;\"><strong>\u062f\u0641\u062a\u0631 \u0634\u0645\u0627\u0631\u0647 3 (\u0627\u0646\u0628\u0627\u0631):<\/strong> \u062a\u0647\u0631\u0627\u0646\u060c \u062c\u0627\u062f\u0647 \u0628\u0627\u063a\u0633\u062a\u0627\u0646 \u0634\u0647\u0631\u06cc\u0627\u0631\u060c \u0631\u0648\u0628\u0631\u0648\u06cc \u067e\u0645\u067e \u0628\u0646\u0632\u06cc\u0646 \u0633\u0639\u06cc\u062f\u0622\u0628\u0627\u062f\u060c \u0648\u062d\u06cc\u062f \u0633\u0648\u0645\u060c \u067e\u0644\u0627\u06a9 110<\/li>\r\n<li style=\"text-align: center;\"><strong>\u062a\u0644\u0641\u0646:<\/strong> <strong>02165385920<\/strong><\/li>\r\n<\/ul>\r\n<p>&nbsp;<\/p>\r\n<h5 style=\"text-align: center;\"><strong>:<\/strong><strong>\u062f\u0641\u0627\u062a\u0631 \u062e\u0627\u0631\u062c\u06cc<\/strong><\/h5>\r\n<ul>\r\n<li style=\"text-align: center;\"><strong>\u062f\u0641\u062a\u0631 \u0634\u0645\u0627\u0631\u0647 1:<\/strong> \u062a\u0631\u06a9\u06cc\u0647\u060c \u0627\u0633\u062a\u0627\u0646\u0628\u0648\u0644\u060c \u06a9\u0627\u0647\u06cc\u062a\u0627\u0646\u0647\u060c \u062e\u06cc\u0627\u0628\u0627\u0646 \u062c\u0646\u062f\u0631\u0647\u060c \u0645\u062c\u062a\u0645\u0639 \u0648\u0631\u0627 \u0631\u0632\u06cc\u062f\u0646\u0633\u060c \u0628\u0644\u0648\u06a9 \u0628\u060c \u0648\u0627\u062d\u062f 67<\/li>\r\n<li style=\"text-align: center;\"><strong>\u062a\u0644\u0641\u0646:<\/strong> <strong>00905551030330<\/strong><\/li>\r\n<li style=\"text-align: center;\"><strong>\u062f\u0641\u062a\u0631 \u0634\u0645\u0627\u0631\u0647 2:<\/strong> \u0627\u0645\u0627\u0631\u0627\u062a \u0645\u062a\u062d\u062f\u0647 \u0639\u0631\u0628\u06cc\u060c\u062f\u0648\u0628\u06cc\u060c\u062c\u06cc \u0648\u06cc \u0633\u06cc\u060c\u0645\u062c\u062a\u0645\u0639 \u0627\u0644\u06af\u0627\u0646\u0632\u060c\u0628\u0644\u0648\u06a9 \u0627\u06cc2 \u0648\u0627\u062d\u062f11\u00a0<\/li>\r\n<li style=\"text-align: center;\"><strong>\u062a\u0644\u0641\u0646: 00971585292777<\/strong><\/li>\r\n<\/ul>\r\n<hr \/>\r\n<h5 style=\"text-align: center;\"><strong>:\u0627\u06cc\u0645\u06cc\u0644 \u0647\u0627<\/strong><\/h5>\r\n<ul>\r\n<li style=\"text-align: center;\"><strong>info@born.ir<\/strong> :\u062f\u0631\u062e\u0648\u0627\u0633\u062a\u0647\u0627\u06cc \u0639\u0645\u0648\u0645\u06cc<\/li>\r\n<li style=\"text-align: center;\"><strong>commerce@born.ir<\/strong> :\u062f\u0631\u062e\u0648\u0627\u0633\u062a\u0647\u0627\u06cc \u062e\u0631\u06cc\u062f \u06cc\u0627 \u0641\u0631\u0648\u0634<\/li>\r\n<li style=\"text-align: center;\"><strong>ceo@born.ir<\/strong> :\u0645\u062f\u06cc\u0631\u0639\u0627\u0645\u0644<\/li>\r\n<\/ul>\r\n<\/blockquote>\r\n\r\n\r\n\r\n<p>&nbsp;<\/p>\r\n","protected":false},"excerpt":{"rendered":"<p>VOICE OF THE CUSTOMER: +989391131800 Domestic Offices: Office#1(Headquarters): Unit 1, No. 43,Hashemi Oliya st, Neda square, Chizar, Tehran, Iran. phone: +982122241290 Office#2: Unit 13, Sadra Trading Complex, Olympic Square, Tehran, Iran. phone: +982144727914 Office#3(Warehouse): No.110, Corner of Vahid 3 st, Baghestan-Shahriar Road, Tehran, Iran. phone: +982165385920 Foreign Offices: Office#1: Unit [&hellip;]<\/p>\n","protected":false},"author":1,"featured_media":0,"parent":0,"menu_order":0,"comment_status":"closed","ping_status":"closed","template":"","meta":{"footnotes":""},"_links":{"self":[{"href":"https:\/\/born.ir\/index.php\/wp-json\/wp\/v2\/pages\/6"}],"collection":[{"href":"https:\/\/born.ir\/index.php\/wp-json\/wp\/v2\/pages"}],"about":[{"href":"https:\/\/born.ir\/index.php\/wp-json\/wp\/v2\/types\/page"}],"author":[{"embeddable":true,"href":"https:\/\/born.ir\/index.php\/wp-json\/wp\/v2\/users\/1"}],"replies":[{"embeddable":true,"href":"https:\/\/born.ir\/index.php\/wp-json\/wp\/v2\/comments?post=6"}],"version-history":[{"count":42,"href":"https:\/\/born.ir\/index.php\/wp-json\/wp\/v2\/pages\/6\/revisions"}],"predecessor-version":[{"id":387,"href":"https:\/\/born.ir\/index.php\/wp-json\/wp\/v2\/pages\/6\/revisions\/387"}],"wp:attachment":[{"href":"https:\/\/born.ir\/index.php\/wp-json\/wp\/v2\/media?parent=6"}],"curies":[{"name":"wp","href":"https:\/\/api.w.org\/{rel}","templated":true}]}}